e number?
False
Let n(q) = -13036*q + 49. Is n(-2) composite?
True
Is 1843 + 9/(-6)*-4 + -2 prime?
True
Let t(u) = 89*u - 32. Let a(v) = -59*v + 21. Let o(c) = 8*a(c) + 5*t(c). Let k be o(3). Let x = 9 - k. Is x a prime number?
False
Let o = 23408 - -12469. Is o prime?
False
Suppose -4*n + 8 = -0*n. Suppose -n*p = -274 - 432. Is p composite?
False
Let o be (-6)/24 + 21/4 + -1. Suppose -o*j - 2*m + 200 = 0, 4*j + 0*j + m - 202 = 0. Is j a composite number?
True
Let u(d) = -d**2 + 2*d + 853. Let l(n) = -5*n**2 + 9*n + 3412. Let x(z) = -2*l(z) + 9*u(z). Is x(0) a prime number?
True
Let s(w) be the second derivative of w**5/20 + 3*w**4/4 + w**3 + 2*w**2 + 15*w. Is s(-5) a composite number?
True
Let w(q) = 27*q**3 - 3*q**2 + 3*q + 4. Let y be w(3). Suppose 0 = -5*t - 165 + y. Suppose 542 = 4*z - t. Is z a composite number?
False
Suppose 0 = 3*t + 2*l + 2*l - 541, 721 = 4*t + 5*l. Suppose 0 = -3*s - 15, s = z + z + t. Let j = z + 213. Is j prime?
False
Let s(q) = -3*q**3 - 5*q**2 + 3*q + 7. Let z(m) = -m**3 - 3*m**2 + 2*m + 4. Let a(p) = 3*s(p) - 5*z(p). Is a(-2) a prime number?
False
Suppose 5*y = 2*p - 44, 2*p = y + 7*p - 2. Let g = y - -12. Suppose -826 = -2*w + g*i, -3*i + 2694 = 4*w + 1009. Is w prime?
True
Let r = 44391 - 30288. Suppose -s + 10*s = r. Is s composite?
False
Suppose 2 = -z + 7. Suppose -5*k - 227 = -3*o - 10*k, -z*o - 3*k = -389. Is o composite?
False
Suppose 6*z + 396 = 8*z. Suppose z - 20 = 2*u. Is u prime?
True
Is 645129/63 + 3 + (-2)/14 prime?
True
Let c = 526 - -742. Suppose 4*l = a - 3*a + c, -2*l + 5*a = -634. Is l composite?
False
Suppose n - 31977 = -5*w + 5*n, 25575 = 4*w - n. Suppose 10*q - w = 977. Is q a prime number?
False
Is ((-6247)/(-9))/((-44)/(-396)) prime?
True
Suppose 2*j + 5*f = -1004, -2*f = 2*j - 3*f + 980. Is ((-29)/2 - 1)*j/6 prime?
False
Let j(v) = -35*v - 145. Is j(-18) a composite number?
True
Suppose 15397 = 3*k + 2*x, 2*x - 32766 + 7111 = -5*k. Is k a prime number?
False
Is 2 + 4 + -1 + -1 + 35827 composite?
False
Let k be 8064/35 + (-2)/(-15)*-3. Let y = 177 + k. Is y composite?
True
Suppose o - 2 = 0, o - 70 = -2*n - 0*o. Suppose -s = s - n. Suppose -s = i - 99. Is i a composite number?
True
Let h be 1/6 + (-29446)/(-12). Suppose n = -5*n + h. Is n prime?
True
Let z(v) = 109*v**2 + 2*v + 7. Is z(8) a prime number?
False
Let y(u) = 111*u**2 - 46*u + 552. Is y(23) a composite number?
True
Let o(g) be the second derivative of 7*g**5/20 - 3*g**4/4 - 7*g**3/6 - 3*g**2 - g. Let d be o(7). Suppose 2*n = 5*n - d. Is n a composite number?
True
Suppose -12*k + 816 = -924. Is k a prime number?
False
Let g = 96 - 92. Suppose 0 = g*l + 4*a - 56, -3*l - 2*a = -6*a - 42. Is l composite?
True
Let v be (1051 - 0) + -3 + 5. Suppose -2*s - v = -5*s + 4*l, 3*s - 1056 = 3*l. Is s composite?
True
Let f(o) = 39*o**2 - o - 1 + o**3 + 0 - 35*o**2. Let j be 2 + (1 - 4) - 2. Is f(j) composite?
False
Let y = -7378 + 15371. Is y prime?
True
Let q(w) = -70*w**3 + 9*w**2 + 9*w + 23. Is q(-6) composite?
False
Suppose -3 = 9*i - 10*i. Suppose 0 = -i*a + 13044 + 4725. Is a a prime number?
True
Let w = 82 - 77. Let m be 4/18 + (-4003)/(-9). Suppose -3*i + 440 = w*u, 2*u - 7*u = 2*i - m. Is u composite?
True
Let v(x) = 210*x - 71. Is v(4) composite?
False
Let g(a) = -2*a**2 + 23*a - 10. Let q be g(11). Is q - -66*((-40)/(-12) + 0) a composite number?
True
Let a = -14 - -19. Let p be a/10*(0 + 0). Is (-6 - -66) + -2 + p prime?
False
Let p be 3741 + (2/2)/(-1). Suppose 7*t - p + 618 = 0. Is t a prime number?
False
Suppose -964 = 2*t - 6. Is -14 - -14 - t/1 prime?
True
Let g(q) = -154*q**3 + q**2 + 4*q. Let x be g(-3). Is 14/56 + x/4 a prime number?
True
Suppose -o + 659 + 1976 = 4*u, 0 = 5*o + u - 13270. Let f = o + -662. Is f composite?
False
Suppose -5174 = -2*o + 4*b, -9763 = -3*o - 2*b - 2034. Is o composite?
False
Suppose 9*t + 19573 = 10*t - 5*c, -19555 = -t - 4*c. Is t a composite number?
True
Is (-2 + 29490/12)*2/3 a prime number?
True
Suppose -4*m - 9 = 7. Let u(q) = 9*q**2 + 4*q - 8. Let n be u(2). Is 670/m*n/(-45) composite?
True
Suppose -4*m + 6*m = 1562. Let b = -288 + m. Is b prime?
False
Suppose -9*d = -6907 - 6872. Is d prime?
True
Let p(y) = 21*y + 3. Let x be p(-3). Let c be (-2795)/20 + (-3)/(-4). Let s = x - c. Is s prime?
True
Let t(y) = y**3 - 10*y**2 - 8*y + 9. Let r be t(8). Suppose 4*q + 100 = 2*z, -3*z + 0*z + 4*q = -154. Let w = z - r. Is w a prime number?
False
Suppose 16*p = 37535 + 29681. Is p a composite number?
False
Let i(x) = 15*x + 3 + 6*x - 1. Is i(7) composite?
False
Is 15/10 - ((-630)/12 + 1) prime?
True
Suppose 0 = -20*s + 808 + 2292. Suppose -2*u = -4*l + u + 1473, -4*u - 12 = 0. Let y = l - s. Is y prime?
True
Suppose -4*m - 3*x - 254 - 1959 = 0, x - 1676 = 3*m. Let p = -16 - m. Is p composite?
False
Suppose 187 = 3*l - m, l + 2*l - 182 = -4*m. Is l composite?
True
Suppose -1309 + 10202 = 3*m - 4*g, 3*g + 5930 = 2*m. Suppose -3721 = -8*i + m. Is i prime?
False
Let z(m) = m**2 + 3*m - 1. Let q be (-12)/(-2)*(-2)/3. Let n be z(q). Suppose n*l - 561 = 1230. Is l a prime number?
False
Let d(x) = 260*x + 73. Is d(3) prime?
True
Let a(z) = z**3 + 7*z**2 + 5*z - 4. Let v be a(-6). Suppose v*k = k + 2. Suppose k*u = -u + 747. Is u a prime number?
False
Suppose -9*n - 4434 = -12408. Is n a prime number?
False
Let s = -75 + 72. Is (879/6)/(s - (-21)/6) a prime number?
True
Suppose 2780 = m - 14889. Is m a prime number?
True
Suppose -10*i + 889 = -9*i. Is i prime?
False
Let o(y) be the third derivative of y**4/3 + 2*y**3/3 - 4*y**2. Let m be o(5). Let b = 87 - m. Is b prime?
True
Let j = -4909 - -9730. Is j composite?
True
Let x(k) = -9*k**3 + 21*k**2 - 5*k - 1. Suppose -1 = 3*o + 32. Let z(n) = 2*n**3 - 4*n**2 + n. Let i(g) = o*z(g) - 2*x(g). Is i(-3) a prime number?
True
Let j(r) = 103*r - 18. Let x be (-1 - 1)/(2/(-5)). Is j(x) a composite number?
True
Suppose -5 - 3 = 2*f, -4*y - 36 = 3*f. Is y/144*-6 + 4342/8 prime?
False
Let f(g) be the third derivative of -8*g**2 + 0 - 1/4*g**4 + 0*g + 17/6*g**3 + 13/30*g**5. Is f(6) a prime number?
False
Let j(s) be the second derivative of s**7/1260 + s**6/90 - 11*s**5/120 + s**4/6 + 6*s. Let i(f) be the third derivative of j(f). Is i(-7) composite?
False
Suppose -3*b = 2*b + 4*u - 6, -3*u + 7 = 5*b. Suppose -b*l = 2*w - 978, -5*w + 2*l = -9*w + 1964. Is w composite?
True
Suppose 286 = 3*c - 119. Suppose -38 + c = p. Is p a prime number?
True
Suppose 8*v - 12*v + h = -71, h + 53 = 3*v. Is v/90 + (-40908)/(-10) a composite number?
False
Let i(o) = -4*o**3 + 2*o**2 + 17*o + 85. Is i(-12) composite?
True
Suppose -f + 4167 + 10934 = 0. Is f a prime number?
True
Let f = 16577 - 4134. Is f a prime number?
False
Let q(s) = -s**3 + 9*s**2 + 10*s - 17. Is q(-10) a composite number?
False
Let v(h) = -312*h + 5. Let m be v(-4). Suppose -3*t = -1231 - m. Let l = t - 381. Is l a composite number?
True
Let l(o) = 60*o**2 - 4*o + 5. Let q be l(-8). Suppose 3159 = 4*w - q. Is w composite?
False
Let f(o) = -24*o**3 + 2*o**2 + 6*o + 6. Is f(-2) composite?
True
Suppose 3 - 3 = -4*j. Suppose -n + u + 1029 = j, n + 3*u - u - 1023 = 0. Is n composite?
True
Let f(u) = -1340*u + 21. Is f(-1) a prime number?
True
Suppose -22*d + 21*d = -48. Let b(p) = 2210*p**2 + 2*p + 6. Let j be b(-6). Is j/d - (-3)/(-8) prime?
True
Let f be (9/(-5))/(-5*(-7)/175). Let o(y) = -63*y - 16. Is o(f) a prime number?
False
Let c(z) = -z**3 - z + 734. Let h be c(0). Let p = h - 6. Let v = p - 355. Is v a composite number?
False
Let u = 1195 - 158. Is u a prime number?
False
Is (-1204603)/(-27) - 36/(-486) a composite number?
True
Suppose -48 = 2*a + 4*k, 0*a = -5*a - k - 120. Let q = a - -7. Let b = q + 82. Is b a composite number?
True
Let o(n) = 301*n. Let q = 44 + -43. Is o(q) a composite number?
True
Suppose 28 - 18 = 5*t. Suppose 5*y - 15 = 0, -t*o = 4*y + 571 + 111. Let i = o - -502. Is i a composite number?
True
Suppose -140 = 10*b - 15*b. Is (-1)/((-88)/b + 3) prime?
True
Let b = 87603 + -34124. Is b composite?
False
Is ((-10)/15)/(20/(-486060)) a composite number?
True
Suppose -3*r + 127 + 164 = 0. Let s = 190 + r. Is s prime?
False
Let i(x) = 7*x**2 - 17*x - 15. Suppose -2*r + 2*h - 8 = 0, r + 4*r = -5*h - 40. Is i(r) a prime number?
False
Let l(i) = -61*i + 11 + 29*i - 38*i - 14. Suppose -4*o